{"id":16950,"date":"2026-04-22T17:01:15","date_gmt":"2026-04-22T15:01:15","guid":{"rendered":"https:\/\/hopeformations.fr\/?page_id=16950"},"modified":"2026-04-22T17:01:16","modified_gmt":"2026-04-22T15:01:16","slug":"faq-formation","status":"publish","type":"page","link":"https:\/\/hopeformations.fr\/index.php\/faq-formation\/","title":{"rendered":"FAQ"},"content":{"rendered":"","protected":false},"excerpt":{"rendered":"","protected":false},"author":1,"featured_media":0,"parent":0,"menu_order":0,"comment_status":"closed","ping_status":"closed","template":"","meta":{"_bbp_topic_count":0,"_bbp_reply_count":0,"_bbp_total_topic_count":0,"_bbp_total_reply_count":0,"_bbp_voice_count":0,"_bbp_anonymous_reply_count":0,"_bbp_topic_count_hidden":0,"_bbp_reply_count_hidden":0,"_bbp_forum_subforum_count":0,"footnotes":""},"class_list":["post-16950","page","type-page","status-publish","hentry"],"yoast_head":"<!-- This site is optimized with the Yoast SEO plugin v24.2 - https:\/\/yoast.com\/wordpress\/plugins\/seo\/ -->\n<title>FAQ Hope Formations : Tout savoir sur nos formations \u00e0 Aulnay<\/title>\n<meta name=\"description\" content=\"Une question sur nos formations en \u00e9lectricit\u00e9, fibre optique, habilitations \u00e9lectriques, AIPR ou technicien informatique de proximit\u00e9 (TIP) ? Retrouvez toutes les r\u00e9ponses sur le financement, les inscriptions et nos dipl\u00f4mes chez Hope Formations \u00e0 Aulnay-sous-Bois.\" \/>\n<meta name=\"robots\" content=\"index, follow, max-snippet:-1, max-image-preview:large, max-video-preview:-1\" \/>\n<link rel=\"canonical\" href=\"https:\/\/hopeformations.fr\/index.php\/faq-formation\/\" \/>\n<meta property=\"og:locale\" content=\"fr_FR\" \/>\n<meta property=\"og:type\" content=\"article\" \/>\n<meta property=\"og:title\" content=\"FAQ Hope Formations : Tout savoir sur nos formations \u00e0 Aulnay\" \/>\n<meta property=\"og:description\" content=\"Une question sur nos formations en \u00e9lectricit\u00e9, fibre optique, habilitations \u00e9lectriques, AIPR ou technicien informatique de proximit\u00e9 (TIP) ? Retrouvez toutes les r\u00e9ponses sur le financement, les inscriptions et nos dipl\u00f4mes chez Hope Formations \u00e0 Aulnay-sous-Bois.\" \/>\n<meta property=\"og:url\" content=\"https:\/\/hopeformations.fr\/index.php\/faq-formation\/\" \/>\n<meta property=\"og:site_name\" content=\"Hope formations\" \/>\n<meta property=\"article:modified_time\" content=\"2026-04-22T15:01:16+00:00\" \/>\n<meta property=\"og:image\" content=\"https:\/\/hopeformations.fr\/wp-content\/uploads\/2022\/11\/Hope-Formations-Logo.png\" \/>\n\t<meta property=\"og:image:width\" content=\"1699\" \/>\n\t<meta property=\"og:image:height\" content=\"696\" \/>\n\t<meta property=\"og:image:type\" content=\"image\/png\" \/>\n<meta name=\"twitter:card\" content=\"summary_large_image\" \/>\n<script type=\"application\/ld+json\" class=\"yoast-schema-graph\">{\"@context\":\"https:\/\/schema.org\",\"@graph\":[{\"@type\":\"WebPage\",\"@id\":\"https:\/\/hopeformations.fr\/index.php\/faq-formation\/\",\"url\":\"https:\/\/hopeformations.fr\/index.php\/faq-formation\/\",\"name\":\"FAQ Hope Formations : Tout savoir sur nos formations \u00e0 Aulnay\",\"isPartOf\":{\"@id\":\"https:\/\/hopeformations.fr\/#website\"},\"datePublished\":\"2026-04-22T15:01:15+00:00\",\"dateModified\":\"2026-04-22T15:01:16+00:00\",\"description\":\"Une question sur nos formations en \u00e9lectricit\u00e9, fibre optique, habilitations \u00e9lectriques, AIPR ou technicien informatique de proximit\u00e9 (TIP) ? Retrouvez toutes les r\u00e9ponses sur le financement, les inscriptions et nos dipl\u00f4mes chez Hope Formations \u00e0 Aulnay-sous-Bois.\",\"breadcrumb\":{\"@id\":\"https:\/\/hopeformations.fr\/index.php\/faq-formation\/#breadcrumb\"},\"inLanguage\":\"fr-FR\",\"potentialAction\":[{\"@type\":\"ReadAction\",\"target\":[\"https:\/\/hopeformations.fr\/index.php\/faq-formation\/\"]}]},{\"@type\":\"BreadcrumbList\",\"@id\":\"https:\/\/hopeformations.fr\/index.php\/faq-formation\/#breadcrumb\",\"itemListElement\":[{\"@type\":\"ListItem\",\"position\":1,\"name\":\"Accueil\",\"item\":\"https:\/\/hopeformations.fr\/\"},{\"@type\":\"ListItem\",\"position\":2,\"name\":\"FAQ\"}]},{\"@type\":\"WebSite\",\"@id\":\"https:\/\/hopeformations.fr\/#website\",\"url\":\"https:\/\/hopeformations.fr\/\",\"name\":\"hopeformations.fr\",\"description\":\"Organisme de formation pour adulte\",\"publisher\":{\"@id\":\"https:\/\/hopeformations.fr\/#organization\"},\"potentialAction\":[{\"@type\":\"SearchAction\",\"target\":{\"@type\":\"EntryPoint\",\"urlTemplate\":\"https:\/\/hopeformations.fr\/?s={search_term_string}\"},\"query-input\":{\"@type\":\"PropertyValueSpecification\",\"valueRequired\":true,\"valueName\":\"search_term_string\"}}],\"inLanguage\":\"fr-FR\"},{\"@type\":\"Organization\",\"@id\":\"https:\/\/hopeformations.fr\/#organization\",\"name\":\"Hope formations\",\"url\":\"https:\/\/hopeformations.fr\/\",\"logo\":{\"@type\":\"ImageObject\",\"inLanguage\":\"fr-FR\",\"@id\":\"https:\/\/hopeformations.fr\/#\/schema\/logo\/image\/\",\"url\":\"https:\/\/hopeformations.fr\/wp-content\/uploads\/2022\/11\/cropped-Favicon.png\",\"contentUrl\":\"https:\/\/hopeformations.fr\/wp-content\/uploads\/2022\/11\/cropped-Favicon.png\",\"width\":512,\"height\":512,\"caption\":\"Hope formations\"},\"image\":{\"@id\":\"https:\/\/hopeformations.fr\/#\/schema\/logo\/image\/\"}}]}<\/script>\n<!-- \/ Yoast SEO plugin. -->","yoast_head_json":{"title":"FAQ Hope Formations : Tout savoir sur nos formations \u00e0 Aulnay","description":"Une question sur nos formations en \u00e9lectricit\u00e9, fibre optique, habilitations \u00e9lectriques, AIPR ou technicien informatique de proximit\u00e9 (TIP) ? Retrouvez toutes les r\u00e9ponses sur le financement, les inscriptions et nos dipl\u00f4mes chez Hope Formations \u00e0 Aulnay-sous-Bois.","robots":{"index":"index","follow":"follow","max-snippet":"max-snippet:-1","max-image-preview":"max-image-preview:large","max-video-preview":"max-video-preview:-1"},"canonical":"https:\/\/hopeformations.fr\/index.php\/faq-formation\/","og_locale":"fr_FR","og_type":"article","og_title":"FAQ Hope Formations : Tout savoir sur nos formations \u00e0 Aulnay","og_description":"Une question sur nos formations en \u00e9lectricit\u00e9, fibre optique, habilitations \u00e9lectriques, AIPR ou technicien informatique de proximit\u00e9 (TIP) ? Retrouvez toutes les r\u00e9ponses sur le financement, les inscriptions et nos dipl\u00f4mes chez Hope Formations \u00e0 Aulnay-sous-Bois.","og_url":"https:\/\/hopeformations.fr\/index.php\/faq-formation\/","og_site_name":"Hope formations","article_modified_time":"2026-04-22T15:01:16+00:00","og_image":[{"width":1699,"height":696,"url":"https:\/\/hopeformations.fr\/wp-content\/uploads\/2022\/11\/Hope-Formations-Logo.png","type":"image\/png"}],"twitter_card":"summary_large_image","schema":{"@context":"https:\/\/schema.org","@graph":[{"@type":"WebPage","@id":"https:\/\/hopeformations.fr\/index.php\/faq-formation\/","url":"https:\/\/hopeformations.fr\/index.php\/faq-formation\/","name":"FAQ Hope Formations : Tout savoir sur nos formations \u00e0 Aulnay","isPartOf":{"@id":"https:\/\/hopeformations.fr\/#website"},"datePublished":"2026-04-22T15:01:15+00:00","dateModified":"2026-04-22T15:01:16+00:00","description":"Une question sur nos formations en \u00e9lectricit\u00e9, fibre optique, habilitations \u00e9lectriques, AIPR ou technicien informatique de proximit\u00e9 (TIP) ? Retrouvez toutes les r\u00e9ponses sur le financement, les inscriptions et nos dipl\u00f4mes chez Hope Formations \u00e0 Aulnay-sous-Bois.","breadcrumb":{"@id":"https:\/\/hopeformations.fr\/index.php\/faq-formation\/#breadcrumb"},"inLanguage":"fr-FR","potentialAction":[{"@type":"ReadAction","target":["https:\/\/hopeformations.fr\/index.php\/faq-formation\/"]}]},{"@type":"BreadcrumbList","@id":"https:\/\/hopeformations.fr\/index.php\/faq-formation\/#breadcrumb","itemListElement":[{"@type":"ListItem","position":1,"name":"Accueil","item":"https:\/\/hopeformations.fr\/"},{"@type":"ListItem","position":2,"name":"FAQ"}]},{"@type":"WebSite","@id":"https:\/\/hopeformations.fr\/#website","url":"https:\/\/hopeformations.fr\/","name":"hopeformations.fr","description":"Organisme de formation pour adulte","publisher":{"@id":"https:\/\/hopeformations.fr\/#organization"},"potentialAction":[{"@type":"SearchAction","target":{"@type":"EntryPoint","urlTemplate":"https:\/\/hopeformations.fr\/?s={search_term_string}"},"query-input":{"@type":"PropertyValueSpecification","valueRequired":true,"valueName":"search_term_string"}}],"inLanguage":"fr-FR"},{"@type":"Organization","@id":"https:\/\/hopeformations.fr\/#organization","name":"Hope formations","url":"https:\/\/hopeformations.fr\/","logo":{"@type":"ImageObject","inLanguage":"fr-FR","@id":"https:\/\/hopeformations.fr\/#\/schema\/logo\/image\/","url":"https:\/\/hopeformations.fr\/wp-content\/uploads\/2022\/11\/cropped-Favicon.png","contentUrl":"https:\/\/hopeformations.fr\/wp-content\/uploads\/2022\/11\/cropped-Favicon.png","width":512,"height":512,"caption":"Hope formations"},"image":{"@id":"https:\/\/hopeformations.fr\/#\/schema\/logo\/image\/"}}]}},"_links":{"self":[{"href":"https:\/\/hopeformations.fr\/index.php\/wp-json\/wp\/v2\/pages\/16950","targetHints":{"allow":["GET"]}}],"collection":[{"href":"https:\/\/hopeformations.fr\/index.php\/wp-json\/wp\/v2\/pages"}],"about":[{"href":"https:\/\/hopeformations.fr\/index.php\/wp-json\/wp\/v2\/types\/page"}],"author":[{"embeddable":true,"href":"https:\/\/hopeformations.fr\/index.php\/wp-json\/wp\/v2\/users\/1"}],"replies":[{"embeddable":true,"href":"https:\/\/hopeformations.fr\/index.php\/wp-json\/wp\/v2\/comments?post=16950"}],"version-history":[{"count":1,"href":"https:\/\/hopeformations.fr\/index.php\/wp-json\/wp\/v2\/pages\/16950\/revisions"}],"predecessor-version":[{"id":16952,"href":"https:\/\/hopeformations.fr\/index.php\/wp-json\/wp\/v2\/pages\/16950\/revisions\/16952"}],"wp:attachment":[{"href":"https:\/\/hopeformations.fr\/index.php\/wp-json\/wp\/v2\/media?parent=16950"}],"curies":[{"name":"wp","href":"https:\/\/api.w.org\/{rel}","templated":true}]}}